{"id":283,"date":"2024-05-20T19:25:50","date_gmt":"2024-05-20T17:25:50","guid":{"rendered":"https:\/\/hoehlaeguugger.ch\/cms\/?page_id=283"},"modified":"2024-05-24T07:06:32","modified_gmt":"2024-05-24T05:06:32","slug":"10kampf","status":"publish","type":"page","link":"https:\/\/hoehlaeguugger.ch\/cms\/?page_id=283","title":{"rendered":"Super Zehnkampf Anmeldung"},"content":{"rendered":"<div class=\"wpforms-container wpforms-container-full wpforms-block wpforms-block-1554d5bb-26f6-4e75-80cf-294d69c8397c wpforms-render-modern\" id=\"wpforms-258\"><form id=\"wpforms-form-258\" class=\"wpforms-validate wpforms-form wpforms-ajax-form\" data-formid=\"258\" method=\"post\" enctype=\"multipart\/form-data\" action=\"\/cms\/index.php?rest_route=%2Fwp%2Fv2%2Fpages%2F283\" data-token=\"74dbacf0dc042a905526fefa830476c3\" data-token-time=\"1776777412\"><noscript class=\"wpforms-error-noscript\">Bitte aktiviere JavaScript in deinem Browser, um dieses Formular fertigzustellen.<\/noscript><div id=\"wpforms-error-noscript\" style=\"display: none;\">Bitte aktiviere JavaScript in deinem Browser, um dieses Formular fertigzustellen.<\/div><div class=\"wpforms-field-container\"><div id=\"wpforms-258-field_12-container\" class=\"wpforms-field wpforms-field-text\" data-field-id=\"12\"><label class=\"wpforms-field-label\" for=\"wpforms-258-field_12\">Gruppenname <span class=\"wpforms-required-label\" aria-hidden=\"true\">*<\/span><\/label><input type=\"text\" id=\"wpforms-258-field_12\" class=\"wpforms-field-medium wpforms-field-required\" name=\"wpforms[fields][12]\" aria-errormessage=\"wpforms-258-field_12-error\" required><\/div><div id=\"wpforms-258-field_2-container\" class=\"wpforms-field wpforms-field-radio\" data-field-id=\"2\"><fieldset><legend class=\"wpforms-field-label\">Kategorie <span class=\"wpforms-required-label\" aria-hidden=\"true\">*<\/span><\/legend><ul id=\"wpforms-258-field_2\" class=\"wpforms-field-required\"><li class=\"choice-1 depth-1\"><input type=\"radio\" id=\"wpforms-258-field_2_1\" name=\"wpforms[fields][2]\" value=\"Familie - bestehend aus 4-5 Personen, Kinder im Alter von 8-13.99 Jahren. Es muss mindestens eine erwachsene Person (ab 14 Jahren, max. 2 Erwachsene) dabei sein, 2-3 Kinder (nicht zwingend die eigenen). Die Teilnahmegeb\u00fchr betr\u00e4gt insgesamt 25.- CHF.  Die Spiele sind f\u00fcr das Alter ab 8 Jahren ausgelegt. J\u00fcngere Kinder k\u00f6nnen zus\u00e4tzlich mitmachen, nehmen jedoch nicht am Wettbewerb teil.\" aria-errormessage=\"wpforms-258-field_2_1-error\" required ><label class=\"wpforms-field-label-inline\" for=\"wpforms-258-field_2_1\">Familie &#8211; bestehend aus 4-5 Personen, Kinder im Alter von 8-13.99 Jahren. Es muss mindestens eine erwachsene Person (ab 14 Jahren, max. 2 Erwachsene) dabei sein, 2-3 Kinder (nicht zwingend die eigenen). Die Teilnahmegeb\u00fchr betr\u00e4gt insgesamt 25.- CHF.  Die Spiele sind f\u00fcr das Alter ab 8 Jahren ausgelegt. J\u00fcngere Kinder k\u00f6nnen zus\u00e4tzlich mitmachen, nehmen jedoch nicht am Wettbewerb teil.<\/label><\/li><li class=\"choice-4 depth-1\"><input type=\"radio\" id=\"wpforms-258-field_2_4\" name=\"wpforms[fields][2]\" value=\"Aktive - bestehend aus 4 Personen ab 14 Jahren. Die Teilnahmegeb\u00fchr betr\u00e4gt insgesamt 40.- CHF\" aria-errormessage=\"wpforms-258-field_2_4-error\" required ><label class=\"wpforms-field-label-inline\" for=\"wpforms-258-field_2_4\">Aktive &#8211; bestehend aus 4 Personen ab 14 Jahren. Die Teilnahmegeb\u00fchr betr\u00e4gt insgesamt 40.- CHF<\/label><\/li><\/ul><\/fieldset><\/div><div id=\"wpforms-258-field_4-container\" class=\"wpforms-field wpforms-field-select wpforms-field-select-style-classic\" data-field-id=\"4\"><label class=\"wpforms-field-label\" for=\"wpforms-258-field_4\">Anzahl Erwachsene<\/label><select id=\"wpforms-258-field_4\" class=\"wpforms-field-medium\" name=\"wpforms[fields][4]\"><option value=\"1\"  class=\"choice-1 depth-1\"  >1<\/option><option value=\"2\"  class=\"choice-2 depth-1\"  >2<\/option><option value=\"4\"  class=\"choice-7 depth-1\"  >4<\/option><\/select><\/div><div id=\"wpforms-258-field_9-container\" class=\"wpforms-field wpforms-field-select wpforms-field-select-style-classic\" data-field-id=\"9\"><label class=\"wpforms-field-label\" for=\"wpforms-258-field_9\">Anzahl Kinder<\/label><select id=\"wpforms-258-field_9\" class=\"wpforms-field-medium\" name=\"wpforms[fields][9]\"><option value=\"0\"  class=\"choice-1 depth-1\"  >0<\/option><option value=\"2\"  class=\"choice-3 depth-1\"  >2<\/option><option value=\"3\"  class=\"choice-2 depth-1\"  >3<\/option><\/select><\/div><div id=\"wpforms-258-field_1-container\" class=\"wpforms-field wpforms-field-name\" data-field-id=\"1\"><fieldset><legend class=\"wpforms-field-label\">Name <span class=\"wpforms-required-label\" aria-hidden=\"true\">*<\/span><\/legend><div class=\"wpforms-field-row wpforms-field-medium\"><div class=\"wpforms-field-row-block wpforms-first wpforms-one-half\"><input type=\"text\" id=\"wpforms-258-field_1\" class=\"wpforms-field-name-first wpforms-field-required\" name=\"wpforms[fields][1][first]\" aria-errormessage=\"wpforms-258-field_1-error\" required><label for=\"wpforms-258-field_1\" class=\"wpforms-field-sublabel after\">Vorname<\/label><\/div><div class=\"wpforms-field-row-block wpforms-one-half\"><input type=\"text\" id=\"wpforms-258-field_1-last\" class=\"wpforms-field-name-last wpforms-field-required\" name=\"wpforms[fields][1][last]\" aria-errormessage=\"wpforms-258-field_1-last-error\" required><label for=\"wpforms-258-field_1-last\" class=\"wpforms-field-sublabel after\">Nachname<\/label><\/div><\/div><\/fieldset><\/div><div id=\"wpforms-258-field_7-container\" class=\"wpforms-field wpforms-field-email\" data-field-id=\"7\"><fieldset><legend class=\"wpforms-field-label\">Email <span class=\"wpforms-required-label\" aria-hidden=\"true\">*<\/span><\/legend><div class=\"wpforms-field-row wpforms-field-medium\"><div class=\"wpforms-field-row-block wpforms-one-half wpforms-first\"><input type=\"email\" id=\"wpforms-258-field_7\" class=\"wpforms-field-required wpforms-field-email-primary\" name=\"wpforms[fields][7][primary]\" spellcheck=\"false\" aria-errormessage=\"wpforms-258-field_7-error\" required><label for=\"wpforms-258-field_7\" class=\"wpforms-field-sublabel after\">E-Mail-Adresse<\/label><\/div><div class=\"wpforms-field-row-block wpforms-one-half\"><input type=\"email\" id=\"wpforms-258-field_7-secondary\" class=\"wpforms-field-email-secondary wpforms-field-required\" data-rule-confirm=\"#wpforms-258-field_7\" name=\"wpforms[fields][7][secondary]\" spellcheck=\"false\" aria-errormessage=\"wpforms-258-field_7-secondary-error\" required><label for=\"wpforms-258-field_7-secondary\" class=\"wpforms-field-sublabel after\">E-Mail best\u00e4tigen<\/label><\/div><\/div><\/fieldset><\/div><\/div><!-- .wpforms-field-container --><div class=\"wpforms-recaptcha-container wpforms-is-recaptcha wpforms-is-recaptcha-type-v2\" ><div class=\"g-recaptcha\" data-sitekey=\"6LdfzuApAAAAAME0csRVo9C74SaulI0_r4xXhJLM\"><\/div><input type=\"text\" name=\"g-recaptcha-hidden\" class=\"wpforms-recaptcha-hidden\" style=\"position:absolute!important;clip:rect(0,0,0,0)!important;height:1px!important;width:1px!important;border:0!important;overflow:hidden!important;padding:0!important;margin:0!important;\" data-rule-recaptcha=\"1\"><\/div><div class=\"wpforms-submit-container\" ><input type=\"hidden\" name=\"wpforms[id]\" value=\"258\"><input type=\"hidden\" name=\"page_title\" value=\"\"><input type=\"hidden\" name=\"page_url\" value=\"https:\/\/hoehlaeguugger.ch\/cms\/index.php?rest_route=\/wp\/v2\/pages\/283\"><input type=\"hidden\" name=\"url_referer\" value=\"\"><button type=\"submit\" name=\"wpforms[submit]\" id=\"wpforms-submit-258\" class=\"wpforms-submit\" data-alt-text=\"wird gesendet\" data-submit-text=\"Absenden\" aria-live=\"assertive\" value=\"wpforms-submit\">Absenden<\/button><img loading=\"lazy\" decoding=\"async\" src=\"https:\/\/hoehlaeguugger.ch\/cms\/wp-content\/plugins\/wpforms-lite\/assets\/images\/submit-spin.svg\" class=\"wpforms-submit-spinner\" style=\"display: none;\" width=\"26\" height=\"26\" alt=\"Wird geladen\"><\/div><\/form><\/div>  <!-- .wpforms-container -->","protected":false},"excerpt":{"rendered":"","protected":false},"author":1,"featured_media":0,"parent":0,"menu_order":0,"comment_status":"closed","ping_status":"closed","template":"","meta":{"footnotes":""},"class_list":["post-283","page","type-page","status-publish","hentry"],"_links":{"self":[{"href":"https:\/\/hoehlaeguugger.ch\/cms\/index.php?rest_route=\/wp\/v2\/pages\/283","targetHints":{"allow":["GET"]}}],"collection":[{"href":"https:\/\/hoehlaeguugger.ch\/cms\/index.php?rest_route=\/wp\/v2\/pages"}],"about":[{"href":"https:\/\/hoehlaeguugger.ch\/cms\/index.php?rest_route=\/wp\/v2\/types\/page"}],"author":[{"embeddable":true,"href":"https:\/\/hoehlaeguugger.ch\/cms\/index.php?rest_route=\/wp\/v2\/users\/1"}],"replies":[{"embeddable":true,"href":"https:\/\/hoehlaeguugger.ch\/cms\/index.php?rest_route=%2Fwp%2Fv2%2Fcomments&post=283"}],"version-history":[{"count":3,"href":"https:\/\/hoehlaeguugger.ch\/cms\/index.php?rest_route=\/wp\/v2\/pages\/283\/revisions"}],"predecessor-version":[{"id":305,"href":"https:\/\/hoehlaeguugger.ch\/cms\/index.php?rest_route=\/wp\/v2\/pages\/283\/revisions\/305"}],"wp:attachment":[{"href":"https:\/\/hoehlaeguugger.ch\/cms\/index.php?rest_route=%2Fwp%2Fv2%2Fmedia&parent=283"}],"curies":[{"name":"wp","href":"https:\/\/api.w.org\/{rel}","templated":true}]}}