{"id":206,"date":"2024-01-17T21:49:32","date_gmt":"2024-01-17T20:49:32","guid":{"rendered":"https:\/\/hoehlaeguugger.ch\/cms\/?page_id=206"},"modified":"2024-01-17T21:49:32","modified_gmt":"2024-01-17T20:49:32","slug":"ueber-uns","status":"publish","type":"page","link":"https:\/\/hoehlaeguugger.ch\/cms\/?page_id=206","title":{"rendered":"\u00dcber uns"},"content":{"rendered":"\n<p>Wesen und Verbreitung<\/p>\n\n\n\n<p>Sie sind laut, sie sind immer hungrig und durstig, sie sind furchteinfl\u00f6ssend und am sichersten f\u00fchlen sie sich im Rudel. Die H\u00f6hlenmenschen aus Vitznau, die H\u00f6hl\u00e4guugger.<\/p>\n\n\n\n<p>Erste Spuren finden sich in der Jungsteinzeit, also ca. 4500 vor Christus. Damals hausten die H\u00f6hl\u00e4guugger in ihren H\u00f6hlen am Berg ob Vitznau. Sie lebten, wie in dieser Zeit \u00fcblich als J\u00e4ger und Sammler. Im Jahre 1972 erlernten sie den Einsatz von Musikinstrumenten zum Stillen ihrer Grundbed\u00fcrfnisse. Sie gr\u00fcndeten ein Rudel nach der Gattung Guuggerus Lucernensis. Sie verbesserten den Einsatz von Musikinstrumenten Jahr f\u00fcr Jahr und verbreiteten den Fasnachtsvirus in der Region. Der Jagd und Sammeltrieb blieb aber trotz der neuen Lebensart stets erhalten. So gelangen die H\u00f6hl\u00e4guugger immer wieder \u00fcber die Dorfgrenzen hinaus. Sie verbreiten die typische H\u00f6hlenmusik in der ganzen Schweiz. H\u00f6hlenmalereien und in neuester Zeit Aufkleber im ganzen Land, zeugen von ihren Eroberungen.<\/p>\n\n\n\n<p>Sozialleben und Umgang<\/p>\n\n\n\n<p>Das H\u00f6hl\u00e4guugger Rudel umfasst immer knapp 40 Individuen wovon der gr\u00f6sste Teil m\u00e4nnlichen Geschlechts sind. Die vereinzelten Weibchen sorgen daf\u00fcr, dass es zu keinen Revierk\u00e4mpfen oder sonstigen rudelinternen Spannungen kommt. Seit einigen Jahren hat das Rudel gar ein Alphaweibchen.<\/p>\n\n\n\n<p>Dem Ursprungsterritorium Vitznau schenken die H\u00f6hl\u00e4guugger viel Aufmerkamkeit. Sie organisieren den l\u00e4ngsten Fasnachtsball der Region, das Dorfturnier und die Beach Party.<\/p>\n\n\n\n<p>Es ist also gut m\u00f6glich, dass man einem H\u00f6hl\u00e4guugger auch ausserhalb der erwarteten Jahreszeit antrifft.<\/p>\n\n\n\n<p>Wenn man einen antrifft sollte man sich ruhig verhalten, ihm direkt in die Augen schauen und sich nach M\u00f6glichkeit nach einer Plakette oder einer G\u00f6nnerschaft erkundigen. Einzeln oder in kleinen Gruppen sind H\u00f6hl\u00e4guugger allerdings eher ungef\u00e4hrlich.<\/p>\n\n\n\n<p>Trifft man sie in der Gruppe muss man zwingend stehen bleiben und dieses einmalige Spektakel miterleben. Geniessen Sie es!<\/p>\n\n\n\n<p>Zigiba zigiba theiua!!<\/p>\n","protected":false},"excerpt":{"rendered":"<p class=\"excerpt\">Wesen und Verbreitung Sie sind laut, sie sind immer hungrig und durstig, sie sind furchteinfl\u00f6ssend und am sichersten f\u00fchlen sie sich im Rudel. Die H\u00f6hlenmenschen aus Vitznau, die H\u00f6hl\u00e4guugger. Erste Spuren finden sich in der Jungsteinzeit, also ca. 4500 vor Christus. Damals hausten die H\u00f6hl\u00e4guugger in ihren H\u00f6hlen am Berg ob Vitznau. Sie lebten, wie&#8230; <a class=\"moretag\" href=\"https:\/\/hoehlaeguugger.ch\/cms\/?page_id=206\">Continue reading&#8230;<\/a><\/p>\n","protected":false},"author":1,"featured_media":0,"parent":0,"menu_order":0,"comment_status":"closed","ping_status":"closed","template":"","meta":{"footnotes":""},"class_list":["post-206","page","type-page","status-publish","hentry"],"_links":{"self":[{"href":"https:\/\/hoehlaeguugger.ch\/cms\/index.php?rest_route=\/wp\/v2\/pages\/206","targetHints":{"allow":["GET"]}}],"collection":[{"href":"https:\/\/hoehlaeguugger.ch\/cms\/index.php?rest_route=\/wp\/v2\/pages"}],"about":[{"href":"https:\/\/hoehlaeguugger.ch\/cms\/index.php?rest_route=\/wp\/v2\/types\/page"}],"author":[{"embeddable":true,"href":"https:\/\/hoehlaeguugger.ch\/cms\/index.php?rest_route=\/wp\/v2\/users\/1"}],"replies":[{"embeddable":true,"href":"https:\/\/hoehlaeguugger.ch\/cms\/index.php?rest_route=%2Fwp%2Fv2%2Fcomments&post=206"}],"version-history":[{"count":1,"href":"https:\/\/hoehlaeguugger.ch\/cms\/index.php?rest_route=\/wp\/v2\/pages\/206\/revisions"}],"predecessor-version":[{"id":207,"href":"https:\/\/hoehlaeguugger.ch\/cms\/index.php?rest_route=\/wp\/v2\/pages\/206\/revisions\/207"}],"wp:attachment":[{"href":"https:\/\/hoehlaeguugger.ch\/cms\/index.php?rest_route=%2Fwp%2Fv2%2Fmedia&parent=206"}],"curies":[{"name":"wp","href":"https:\/\/api.w.org\/{rel}","templated":true}]}}